{"id":421,"date":"2023-02-13T16:58:01","date_gmt":"2023-02-13T16:58:01","guid":{"rendered":"https:\/\/srm.solidar.org\/?page_id=421"},"modified":"2024-09-11T14:10:40","modified_gmt":"2024-09-11T14:10:40","slug":"past-editions","status":"publish","type":"page","link":"https:\/\/srm.solidar.org\/de\/past-editions\/","title":{"rendered":"Vorherige Versionen"},"content":{"rendered":"<h2 class=\"wp-block-heading\">Monitor f\u00fcr soziale Rechte<\/h2>\n\n\n\n<p>In diesem Abschnitt werden die fr\u00fcheren Ausgaben des Social Rights Monitor gesammelt, die seit 2019 in Form von Berichten ver\u00f6ffentlicht werden. Im Jahr 2022 wurde keine Ausgabe ver\u00f6ffentlicht, da SOLIDAR das Jahr der \u00dcberarbeitung der Methodik f\u00fcr die Datenerfassung und -visualisierung widmete.<\/p>\n\n\n\n<p>Der Sozialrechtsmonitor 2023 wird die erste Ausgabe im Format einer interaktiven Karte sein. Sie k\u00f6nnen die vorherigen Ausgaben ab 2023 abrufen, indem Sie das Jahr auf der Seite Karten\u00fcbersicht ausw\u00e4hlen. <\/p>\n\n\n\n<hr class=\"wp-block-separator has-text-color has-cyan-bluish-gray-color has-alpha-channel-opacity has-cyan-bluish-gray-background-color has-background is-style-wide\"\/>\n\n\n\n<div class=\"wp-block-group is-vertical is-layout-flex wp-container-core-group-is-layout-8cf370e7 wp-block-group-is-layout-flex\">\n<div class=\"wp-block-media-text alignwide is-stacked-on-mobile\" style=\"grid-template-columns:15% auto\"><figure class=\"wp-block-media-text__media\"><a href=\"https:\/\/www.solidar.org\/system\/downloads\/attachments\/000\/001\/408\/original\/Social_Rights_Monitor_2021.pdf?1638292164\"><img loading=\"lazy\" decoding=\"async\" width=\"215\" height=\"300\" src=\"https:\/\/srm.solidar.org\/wp-content\/uploads\/2023\/05\/Social-Rights-Monitor-2021-2-215x300.png\" alt=\"\" class=\"wp-image-736 size-medium\" srcset=\"https:\/\/srm.solidar.org\/wp-content\/uploads\/2023\/05\/Social-Rights-Monitor-2021-2-215x300.png 215w, https:\/\/srm.solidar.org\/wp-content\/uploads\/2023\/05\/Social-Rights-Monitor-2021-2-9x12.png 9w, https:\/\/srm.solidar.org\/wp-content\/uploads\/2023\/05\/Social-Rights-Monitor-2021-2-17x24.png 17w, https:\/\/srm.solidar.org\/wp-content\/uploads\/2023\/05\/Social-Rights-Monitor-2021-2-26x36.png 26w, https:\/\/srm.solidar.org\/wp-content\/uploads\/2023\/05\/Social-Rights-Monitor-2021-2-34x48.png 34w, https:\/\/srm.solidar.org\/wp-content\/uploads\/2023\/05\/Social-Rights-Monitor-2021-2.png 576w\" sizes=\"auto, (max-width: 215px) 100vw, 215px\" \/><\/a><\/figure><div class=\"wp-block-media-text__content\">\n<h3 class=\"wp-block-heading\">Social Rights Monitor 2021<\/h3>\n\n\n\n<p>Die dritte Ausgabe des Social Rights Monitor wurde von SOLIDAR &amp; herausgegeben.&nbsp;<a href=\"https:\/\/www.feps-europe.eu\/about.html\">FEPS<\/a>&nbsp;und bewertet den Zustand der sozialen Rechte in verschiedenen europ\u00e4ischen L\u00e4ndern. Die Ausgabe 20221 deckt 16 L\u00e4nder in Europa ab: 13 EU-L\u00e4nder \u2013&nbsp;<strong>Bulgarien, Kroatien, Tschechien, D\u00e4nemark, Estland, Frankreich, Deutschland, Griechenland, Ungarn, Italien, Luxemburg, Spanien und die Niederlande<\/strong>&nbsp;\u2013 2 Kandidatenl\u00e4nder \u2013&nbsp;<strong>Nordmazedonien und Serbien<\/strong>- Und&nbsp;<strong>das Vereinigte K\u00f6nigreich<\/strong>.&nbsp;&nbsp;<\/p>\n\n\n\n<p>Die Mitglieder und Partner von SOLIDAR haben 16 nationale Strategiegruppen (NSGs) gegr\u00fcndet, eine in jedem der vom Monitor abgedeckten L\u00e4nder, die sich aus Experten von zivilgesellschaftlichen Organisationen, Gewerkschaften und der Wissenschaft zusammensetzen. Der Social Rights Monitor wurde auf der Grundlage ihrer Beobachtungen vor Ort entwickelt und durch statistische Daten und wissenschaftliche Erkenntnisse erg\u00e4nzt. Der Monitor spiegelt daher auch die Expertise der Zivilgesellschaft wider, die f\u00fcr soziale Gerechtigkeit in Europa k\u00e4mpft, und stellt eine wertvolle Faktengrundlage f\u00fcr die Politikgestaltung dar.<\/p>\n\n\n\n<p>Sie k\u00f6nnen auch die anzeigen <a href=\"https:\/\/www.solidar.org\/publications-page\/social-rights-monitor-2021-the-state-of-social-rights-in-europe\/#:~:text=The%20Social%20Rights%20Monitor%20has,valuable%20evidence%20base%20for%20policymaking.\" data-type=\"URL\" data-id=\"https:\/\/www.solidar.org\/en\/publications\/social-rights-monitor-2021-country-monitors\"><\/a><a href=\"https:\/\/www.solidar.org\/publications-page\/social-rights-monitor-2021-the-state-of-social-rights-in-europe\/#:~:text=The%20Social%20Rights%20Monitor%20has,valuable%20evidence%20base%20for%20policymaking.\" data-type=\"link\" data-id=\"https:\/\/www.solidar.org\/publications-page\/social-rights-monitor-2021-the-state-of-social-rights-in-europe\/#:~:text=The%20Social%20Rights%20Monitor%20has,valuable%20evidence%20base%20for%20policymaking.\">separate L\u00e4nderberichte in Englisch und \u00dcbersetzungen in vielen Landessprachen<\/a>.<\/p>\n\n\n\n<div class=\"wp-block-buttons is-layout-flex wp-block-buttons-is-layout-flex\">\n<div class=\"wp-block-button has-custom-font-size has-small-font-size\"><a class=\"wp-block-button__link has-background wp-element-button\" href=\"https:\/\/www.solidar.org\/wp-content\/uploads\/2024\/02\/social_rights_monitor_2021.pdf\" style=\"background-color:#860000\">LESEN SIE DIE VER\u00d6FFENTLICHUNG<\/a><\/div>\n<\/div>\n<\/div><\/div>\n\n\n\n<hr class=\"wp-block-separator has-text-color has-black-color has-alpha-channel-opacity has-black-background-color has-background is-style-wide\"\/>\n\n\n\n<hr class=\"wp-block-separator has-text-color has-cyan-bluish-gray-color has-alpha-channel-opacity has-cyan-bluish-gray-background-color has-background is-style-wide\"\/>\n\n\n\n<div class=\"wp-block-buttons is-layout-flex wp-block-buttons-is-layout-flex\"><\/div>\n\n\n\n<div class=\"wp-block-media-text alignwide is-stacked-on-mobile\" style=\"grid-template-columns:15% auto\"><figure class=\"wp-block-media-text__media\"><a href=\"https:\/\/www.solidar.org\/system\/downloads\/attachments\/000\/001\/210\/original\/SRM2020_ALL_R3_online_EC.pdf?1608289382\"><img loading=\"lazy\" decoding=\"async\" width=\"214\" height=\"300\" src=\"https:\/\/srm.solidar.org\/wp-content\/uploads\/2023\/05\/Social-Rights-Monitor-2020-1-214x300.png\" alt=\"\" class=\"wp-image-740 size-medium\" srcset=\"https:\/\/srm.solidar.org\/wp-content\/uploads\/2023\/05\/Social-Rights-Monitor-2020-1-214x300.png 214w, https:\/\/srm.solidar.org\/wp-content\/uploads\/2023\/05\/Social-Rights-Monitor-2020-1-9x12.png 9w, https:\/\/srm.solidar.org\/wp-content\/uploads\/2023\/05\/Social-Rights-Monitor-2020-1-17x24.png 17w, https:\/\/srm.solidar.org\/wp-content\/uploads\/2023\/05\/Social-Rights-Monitor-2020-1-26x36.png 26w, https:\/\/srm.solidar.org\/wp-content\/uploads\/2023\/05\/Social-Rights-Monitor-2020-1-34x48.png 34w, https:\/\/srm.solidar.org\/wp-content\/uploads\/2023\/05\/Social-Rights-Monitor-2020-1.png 595w\" sizes=\"auto, (max-width: 214px) 100vw, 214px\" \/><\/a><\/figure><div class=\"wp-block-media-text__content\">\n<h3 class=\"wp-block-heading\">Monitor f\u00fcr soziale Rechte 2020<\/h3>\n\n\n\n<p>Die zweite Ausgabe des Social Rights Monitor bietet Einblicke in den Stand der sozialen Rechte in verschiedenen europ\u00e4ischen L\u00e4ndern. Diese Ausgabe berichtet \u00fcber 14 L\u00e4nder der Europ\u00e4ischen Union \u2013<strong>&nbsp;Belgien, Bulgarien, Kroatien, Tschechien, D\u00e4nemark, Estland, Frankreich, Deutschland, Griechenland, Ungarn, Italien, Slowakei, Spanien und die Niederlande<\/strong>; zwei Kandidatenl\u00e4nder \u2013&nbsp;<strong>Serbien und Nordmazedonien<\/strong>; und ein Mitglied, das die EU im Jahr 2020 verlassen hat, die&nbsp;<strong>Gro\u00dfbritannien<\/strong>.<\/p>\n\n\n\n<p>Der Monitor 2020 bewertet den Zustand des sozialen Europas im Hinblick auf Chancengleichheit, faire Arbeitsbedingungen, Sozialschutz, Inklusion und b\u00fcrgerschaftlichen Raum. Dies geschieht auf der Grundlage von Beobachtungen nationaler Strategiegruppen (NSG), die in jedem der 17 L\u00e4nder von einem SOLIDAR-Mitglied oder Partner eingerichtet wurden. Diese Gruppen b\u00fcndeln die Expertise zivilgesellschaftlicher Organisationen, Wissenschaftler und Experten auf diesem Gebiet und untermauern diese mit statistischen Daten und wissenschaftlichen Erkenntnissen.<\/p>\n\n\n\n<p>Sie k\u00f6nnen auch die anzeigen <a href=\"https:\/\/www.solidar.org\/publications-page\/social-rights-monitor-2020-and-country-reports\/\" data-type=\"link\" data-id=\"https:\/\/www.solidar.org\/publications-page\/social-rights-monitor-2020-and-country-reports\/\">separate L\u00e4nderberichte in englischer Sprache und \u00dcbersetzungen in viele der Landessprachen.<\/a><\/p>\n\n\n\n<div class=\"wp-block-buttons is-layout-flex wp-block-buttons-is-layout-flex\">\n<div class=\"wp-block-button has-custom-font-size has-small-font-size\"><a class=\"wp-block-button__link has-background wp-element-button\" href=\"https:\/\/www.solidar.org\/wp-content\/uploads\/2024\/02\/srm2020_all_r3_online_ec.pdf\" style=\"background-color:#860000\">LESEN SIE DIE VER\u00d6FFENTLICHUNG<\/a><\/div>\n<\/div>\n\n\n\n<p><\/p>\n<\/div><\/div>\n\n\n\n<hr class=\"wp-block-separator has-text-color has-white-color has-alpha-channel-opacity has-white-background-color has-background is-style-wide\"\/>\n\n\n\n<hr class=\"wp-block-separator has-alpha-channel-opacity is-style-wide\"\/>\n\n\n\n<div class=\"wp-block-media-text alignwide is-stacked-on-mobile\" style=\"grid-template-columns:15% auto\"><figure class=\"wp-block-media-text__media\"><a href=\"https:\/\/www.solidar.org\/system\/downloads\/attachments\/000\/001\/001\/original\/SRM_2019_Full_NO_BLANKS.pdf?1573578205\"><img loading=\"lazy\" decoding=\"async\" width=\"592\" height=\"837\" src=\"https:\/\/srm.solidar.org\/wp-content\/uploads\/2023\/05\/Social-Rights-Monitor-2019.png\" alt=\"\" class=\"wp-image-748 size-medium\" srcset=\"https:\/\/srm.solidar.org\/wp-content\/uploads\/2023\/05\/Social-Rights-Monitor-2019.png 592w, https:\/\/srm.solidar.org\/wp-content\/uploads\/2023\/05\/Social-Rights-Monitor-2019-212x300.png 212w, https:\/\/srm.solidar.org\/wp-content\/uploads\/2023\/05\/Social-Rights-Monitor-2019-8x12.png 8w, https:\/\/srm.solidar.org\/wp-content\/uploads\/2023\/05\/Social-Rights-Monitor-2019-17x24.png 17w, https:\/\/srm.solidar.org\/wp-content\/uploads\/2023\/05\/Social-Rights-Monitor-2019-25x36.png 25w, https:\/\/srm.solidar.org\/wp-content\/uploads\/2023\/05\/Social-Rights-Monitor-2019-34x48.png 34w\" sizes=\"auto, (max-width: 592px) 100vw, 592px\" \/><\/a><\/figure><div class=\"wp-block-media-text__content\">\n<h3 class=\"wp-block-heading\">Social Rights Monitor 2019<\/h3>\n\n\n\n<p>Die erste Ausgabe des Social Rights Monitor bietet einen Einblick in den Stand der sozialen Rechte in 16 europ\u00e4ischen L\u00e4ndern: 15 aus der Europ\u00e4ischen Union \u2013 <strong>\u00d6sterreich, Bulgarien, Kroatien, Tschechien, Estland, Frankreich, Deutschland, Griechenland, Ungarn, Italien, Rum\u00e4nien, Slowakei, Spanien, Niederlande, Vereinigtes K\u00f6nigreich<\/strong> \u2013 und ein Kandidatenland, <strong>Serbien<\/strong>. Der Monitor bewertet den Zustand des sozialen Europas in Bezug auf Chancengleichheit, faire Arbeitsbedingungen, Sozialschutz, Inklusion und b\u00fcrgerschaftlichen Raum auf der Grundlage der Beobachtungen zivilgesellschaftlicher Organisationen, die vor Ort arbeiten, in Kombination mit statistischen Daten und wissenschaftlichen Erkenntnissen. <\/p>\n\n\n\n<p>Sie k\u00f6nnen auch die anzeigen <a href=\"https:\/\/www.solidar.org\/publications-page\/social-rights-monitor-2019\/\">separate L\u00e4nderberichte und die verf\u00fcgbaren \u00dcbersetzungen ins Franz\u00f6sische, Italienische, Deutsche und Spanische.<\/a><\/p>\n\n\n\n<div class=\"wp-block-buttons is-layout-flex wp-block-buttons-is-layout-flex\">\n<div class=\"wp-block-button has-custom-font-size has-small-font-size\"><a class=\"wp-block-button__link has-background wp-element-button\" href=\"https:\/\/www.solidar.org\/wp-content\/uploads\/2024\/02\/srm_2019_full_no_blanks.pdf\" style=\"background-color:#860000\">LESEN SIE DIE VER\u00d6FFENTLICHUNG<\/a><\/div>\n<\/div>\n\n\n\n<p><\/p>\n<\/div><\/div>\n\n\n\n<p><\/p>\n<\/div>\n\n\n\n<hr class=\"wp-block-separator has-alpha-channel-opacity\"\/>\n\n\n\n<hr class=\"wp-block-separator has-text-color has-white-color has-alpha-channel-opacity has-white-background-color has-background is-style-wide\"\/>","protected":false},"excerpt":{"rendered":"<p>Social Rights Monitor This section collects the Past Editions of the Social Rights Monitor, which have been published in the format of reports since 2019. In 2022, no edition was published as SOLIDAR dedicated the year to revise the methodology for the data collection and visualisation. The 2023 Social Rights Monitor will be the first &hellip;<\/p>","protected":false},"author":2,"featured_media":0,"parent":0,"menu_order":0,"comment_status":"closed","ping_status":"closed","template":"","meta":{"_acf_changed":false,"footnotes":""},"class_list":["post-421","page","type-page","status-publish","hentry"],"acf":[],"_links":{"self":[{"href":"https:\/\/srm.solidar.org\/de\/wp-json\/wp\/v2\/pages\/421","targetHints":{"allow":["GET"]}}],"collection":[{"href":"https:\/\/srm.solidar.org\/de\/wp-json\/wp\/v2\/pages"}],"about":[{"href":"https:\/\/srm.solidar.org\/de\/wp-json\/wp\/v2\/types\/page"}],"author":[{"embeddable":true,"href":"https:\/\/srm.solidar.org\/de\/wp-json\/wp\/v2\/users\/2"}],"replies":[{"embeddable":true,"href":"https:\/\/srm.solidar.org\/de\/wp-json\/wp\/v2\/comments?post=421"}],"version-history":[{"count":0,"href":"https:\/\/srm.solidar.org\/de\/wp-json\/wp\/v2\/pages\/421\/revisions"}],"wp:attachment":[{"href":"https:\/\/srm.solidar.org\/de\/wp-json\/wp\/v2\/media?parent=421"}],"curies":[{"name":"wp","href":"https:\/\/api.w.org\/{rel}","templated":true}]}}

<h2 class="wp-block-heading">Monitor für soziale Rechte</h2>



<p>In diesem Abschnitt werden die früheren Ausgaben des Social Rights Monitor gesammelt, die seit 2019 in Form von Berichten veröffentlicht werden. Im Jahr 2022 wurde keine Ausgabe veröffentlicht, da SOLIDAR das Jahr der Überarbeitung der Methodik für die Datenerfassung und -visualisierung widmete.</p>



<p>Der Sozialrechtsmonitor 2023 wird die erste Ausgabe im Format einer interaktiven Karte sein. Sie können die vorherigen Ausgaben ab 2023 abrufen, indem Sie das Jahr auf der Seite Kartenübersicht auswählen. </p>



<hr class="wp-block-separator has-text-color has-cyan-bluish-gray-color has-alpha-channel-opacity has-cyan-bluish-gray-background-color has-background is-style-wide"/>



<div class="wp-block-group is-vertical is-layout-flex wp-container-core-group-is-layout-8cf370e7 wp-block-group-is-layout-flex">
<div class="wp-block-media-text alignwide is-stacked-on-mobile" style="grid-template-columns:15% auto"><figure class="wp-block-media-text__media"><a href="https://www.solidar.org/system/downloads/attachments/000/001/408/original/Social_Rights_Monitor_2021.pdf?1638292164"><img loading="lazy" decoding="async" width="215" height="300" src="https://srm.solidar.org/wp-content/uploads/2023/05/Social-Rights-Monitor-2021-2-215x300.png" alt="" class="wp-image-736 size-medium" srcset="https://srm.solidar.org/wp-content/uploads/2023/05/Social-Rights-Monitor-2021-2-215x300.png 215w, https://srm.solidar.org/wp-content/uploads/2023/05/Social-Rights-Monitor-2021-2-9x12.png 9w, https://srm.solidar.org/wp-content/uploads/2023/05/Social-Rights-Monitor-2021-2-17x24.png 17w, https://srm.solidar.org/wp-content/uploads/2023/05/Social-Rights-Monitor-2021-2-26x36.png 26w, https://srm.solidar.org/wp-content/uploads/2023/05/Social-Rights-Monitor-2021-2-34x48.png 34w, https://srm.solidar.org/wp-content/uploads/2023/05/Social-Rights-Monitor-2021-2.png 576w" sizes="auto, (max-width: 215px) 100vw, 215px" /></a></figure><div class="wp-block-media-text__content">
<h3 class="wp-block-heading">Social Rights Monitor 2021</h3>



<p>Die dritte Ausgabe des Social Rights Monitor wurde von SOLIDAR &amp; herausgegeben.&nbsp;<a href="https://www.feps-europe.eu/about.html">FEPS</a>&nbsp;und bewertet den Zustand der sozialen Rechte in verschiedenen europäischen Ländern. Die Ausgabe 20221 deckt 16 Länder in Europa ab: 13 EU-Länder –&nbsp;<strong>Bulgarien, Kroatien, Tschechien, Dänemark, Estland, Frankreich, Deutschland, Griechenland, Ungarn, Italien, Luxemburg, Spanien und die Niederlande</strong>&nbsp;– 2 Kandidatenländer –&nbsp;<strong>Nordmazedonien und Serbien</strong>- Und&nbsp;<strong>das Vereinigte Königreich</strong>.&nbsp;&nbsp;</p>



<p>Die Mitglieder und Partner von SOLIDAR haben 16 nationale Strategiegruppen (NSGs) gegründet, eine in jedem der vom Monitor abgedeckten Länder, die sich aus Experten von zivilgesellschaftlichen Organisationen, Gewerkschaften und der Wissenschaft zusammensetzen. Der Social Rights Monitor wurde auf der Grundlage ihrer Beobachtungen vor Ort entwickelt und durch statistische Daten und wissenschaftliche Erkenntnisse ergänzt. Der Monitor spiegelt daher auch die Expertise der Zivilgesellschaft wider, die für soziale Gerechtigkeit in Europa kämpft, und stellt eine wertvolle Faktengrundlage für die Politikgestaltung dar.</p>



<p>Sie können auch die anzeigen <a href="https://www.solidar.org/publications-page/social-rights-monitor-2021-the-state-of-social-rights-in-europe/#:~:text=The%20Social%20Rights%20Monitor%20has,valuable%20evidence%20base%20for%20policymaking." data-type="URL" data-id="https://www.solidar.org/en/publications/social-rights-monitor-2021-country-monitors"></a><a href="https://www.solidar.org/publications-page/social-rights-monitor-2021-the-state-of-social-rights-in-europe/#:~:text=The%20Social%20Rights%20Monitor%20has,valuable%20evidence%20base%20for%20policymaking." data-type="link" data-id="https://www.solidar.org/publications-page/social-rights-monitor-2021-the-state-of-social-rights-in-europe/#:~:text=The%20Social%20Rights%20Monitor%20has,valuable%20evidence%20base%20for%20policymaking.">separate Länderberichte in Englisch und Übersetzungen in vielen Landessprachen</a>.</p>



<div class="wp-block-buttons is-layout-flex wp-block-buttons-is-layout-flex">
<div class="wp-block-button has-custom-font-size has-small-font-size"><a class="wp-block-button__link has-background wp-element-button" href="https://www.solidar.org/wp-content/uploads/2024/02/social_rights_monitor_2021.pdf" style="background-color:#860000">LESEN SIE DIE VERÖFFENTLICHUNG</a></div>
</div>
</div></div>



<hr class="wp-block-separator has-text-color has-black-color has-alpha-channel-opacity has-black-background-color has-background is-style-wide"/>



<hr class="wp-block-separator has-text-color has-cyan-bluish-gray-color has-alpha-channel-opacity has-cyan-bluish-gray-background-color has-background is-style-wide"/>



<div class="wp-block-buttons is-layout-flex wp-block-buttons-is-layout-flex"></div>



<div class="wp-block-media-text alignwide is-stacked-on-mobile" style="grid-template-columns:15% auto"><figure class="wp-block-media-text__media"><a href="https://www.solidar.org/system/downloads/attachments/000/001/210/original/SRM2020_ALL_R3_online_EC.pdf?1608289382"><img loading="lazy" decoding="async" width="214" height="300" src="https://srm.solidar.org/wp-content/uploads/2023/05/Social-Rights-Monitor-2020-1-214x300.png" alt="" class="wp-image-740 size-medium" srcset="https://srm.solidar.org/wp-content/uploads/2023/05/Social-Rights-Monitor-2020-1-214x300.png 214w, https://srm.solidar.org/wp-content/uploads/2023/05/Social-Rights-Monitor-2020-1-9x12.png 9w, https://srm.solidar.org/wp-content/uploads/2023/05/Social-Rights-Monitor-2020-1-17x24.png 17w, https://srm.solidar.org/wp-content/uploads/2023/05/Social-Rights-Monitor-2020-1-26x36.png 26w, https://srm.solidar.org/wp-content/uploads/2023/05/Social-Rights-Monitor-2020-1-34x48.png 34w, https://srm.solidar.org/wp-content/uploads/2023/05/Social-Rights-Monitor-2020-1.png 595w" sizes="auto, (max-width: 214px) 100vw, 214px" /></a></figure><div class="wp-block-media-text__content">
<h3 class="wp-block-heading">Monitor für soziale Rechte 2020</h3>



<p>Die zweite Ausgabe des Social Rights Monitor bietet Einblicke in den Stand der sozialen Rechte in verschiedenen europäischen Ländern. Diese Ausgabe berichtet über 14 Länder der Europäischen Union –<strong>&nbsp;Belgien, Bulgarien, Kroatien, Tschechien, Dänemark, Estland, Frankreich, Deutschland, Griechenland, Ungarn, Italien, Slowakei, Spanien und die Niederlande</strong>; zwei Kandidatenländer –&nbsp;<strong>Serbien und Nordmazedonien</strong>; und ein Mitglied, das die EU im Jahr 2020 verlassen hat, die&nbsp;<strong>Großbritannien</strong>.</p>



<p>Der Monitor 2020 bewertet den Zustand des sozialen Europas im Hinblick auf Chancengleichheit, faire Arbeitsbedingungen, Sozialschutz, Inklusion und bürgerschaftlichen Raum. Dies geschieht auf der Grundlage von Beobachtungen nationaler Strategiegruppen (NSG), die in jedem der 17 Länder von einem SOLIDAR-Mitglied oder Partner eingerichtet wurden. Diese Gruppen bündeln die Expertise zivilgesellschaftlicher Organisationen, Wissenschaftler und Experten auf diesem Gebiet und untermauern diese mit statistischen Daten und wissenschaftlichen Erkenntnissen.</p>



<p>Sie können auch die anzeigen <a href="https://www.solidar.org/publications-page/social-rights-monitor-2020-and-country-reports/" data-type="link" data-id="https://www.solidar.org/publications-page/social-rights-monitor-2020-and-country-reports/">separate Länderberichte in englischer Sprache und Übersetzungen in viele der Landessprachen.</a></p>



<div class="wp-block-buttons is-layout-flex wp-block-buttons-is-layout-flex">
<div class="wp-block-button has-custom-font-size has-small-font-size"><a class="wp-block-button__link has-background wp-element-button" href="https://www.solidar.org/wp-content/uploads/2024/02/srm2020_all_r3_online_ec.pdf" style="background-color:#860000">LESEN SIE DIE VERÖFFENTLICHUNG</a></div>
</div>



<p></p>
</div></div>



<hr class="wp-block-separator has-text-color has-white-color has-alpha-channel-opacity has-white-background-color has-background is-style-wide"/>



<hr class="wp-block-separator has-alpha-channel-opacity is-style-wide"/>



<div class="wp-block-media-text alignwide is-stacked-on-mobile" style="grid-template-columns:15% auto"><figure class="wp-block-media-text__media"><a href="https://www.solidar.org/system/downloads/attachments/000/001/001/original/SRM_2019_Full_NO_BLANKS.pdf?1573578205"><img loading="lazy" decoding="async" width="592" height="837" src="https://srm.solidar.org/wp-content/uploads/2023/05/Social-Rights-Monitor-2019.png" alt="" class="wp-image-748 size-medium" srcset="https://srm.solidar.org/wp-content/uploads/2023/05/Social-Rights-Monitor-2019.png 592w, https://srm.solidar.org/wp-content/uploads/2023/05/Social-Rights-Monitor-2019-212x300.png 212w, https://srm.solidar.org/wp-content/uploads/2023/05/Social-Rights-Monitor-2019-8x12.png 8w, https://srm.solidar.org/wp-content/uploads/2023/05/Social-Rights-Monitor-2019-17x24.png 17w, https://srm.solidar.org/wp-content/uploads/2023/05/Social-Rights-Monitor-2019-25x36.png 25w, https://srm.solidar.org/wp-content/uploads/2023/05/Social-Rights-Monitor-2019-34x48.png 34w" sizes="auto, (max-width: 592px) 100vw, 592px" /></a></figure><div class="wp-block-media-text__content">
<h3 class="wp-block-heading">Social Rights Monitor 2019</h3>



<p>Die erste Ausgabe des Social Rights Monitor bietet einen Einblick in den Stand der sozialen Rechte in 16 europäischen Ländern: 15 aus der Europäischen Union – <strong>Österreich, Bulgarien, Kroatien, Tschechien, Estland, Frankreich, Deutschland, Griechenland, Ungarn, Italien, Rumänien, Slowakei, Spanien, Niederlande, Vereinigtes Königreich</strong> – und ein Kandidatenland, <strong>Serbien</strong>. Der Monitor bewertet den Zustand des sozialen Europas in Bezug auf Chancengleichheit, faire Arbeitsbedingungen, Sozialschutz, Inklusion und bürgerschaftlichen Raum auf der Grundlage der Beobachtungen zivilgesellschaftlicher Organisationen, die vor Ort arbeiten, in Kombination mit statistischen Daten und wissenschaftlichen Erkenntnissen. </p>



<p>Sie können auch die anzeigen <a href="https://www.solidar.org/publications-page/social-rights-monitor-2019/">separate Länderberichte und die verfügbaren Übersetzungen ins Französische, Italienische, Deutsche und Spanische.</a></p>



<div class="wp-block-buttons is-layout-flex wp-block-buttons-is-layout-flex">
<div class="wp-block-button has-custom-font-size has-small-font-size"><a class="wp-block-button__link has-background wp-element-button" href="https://www.solidar.org/wp-content/uploads/2024/02/srm_2019_full_no_blanks.pdf" style="background-color:#860000">LESEN SIE DIE VERÖFFENTLICHUNG</a></div>
</div>



<p></p>
</div></div>



<p></p>
</div>



<hr class="wp-block-separator has-alpha-channel-opacity"/>



<hr class="wp-block-separator has-text-color has-white-color has-alpha-channel-opacity has-white-background-color has-background is-style-wide"/>
