{"id":431,"date":"2023-02-13T16:59:43","date_gmt":"2023-02-13T16:59:43","guid":{"rendered":"https:\/\/srm.solidar.org\/?page_id=431"},"modified":"2024-08-08T13:55:49","modified_gmt":"2024-08-08T13:55:49","slug":"just-transition-page","status":"publish","type":"page","link":"https:\/\/srm.solidar.org\/es\/just-transition-page\/","title":{"rendered":"Transici\u00f3n justa"},"content":{"rendered":"<h2 class=\"wp-block-heading\">Transici\u00f3n justa<\/h2>\n\n\n\n<div class=\"wp-block-columns is-layout-flex wp-container-core-columns-is-layout-9d6595d7 wp-block-columns-is-layout-flex\">\n<div class=\"wp-block-column is-layout-flow wp-block-column-is-layout-flow\">\n<p>Las personas en situaciones vulnerables (debido a factores como el estatus socioecon\u00f3mico, la geograf\u00eda, la edad y el g\u00e9nero) est\u00e1n relativamente m\u00e1s expuestas a los impactos del cambio clim\u00e1tico y la degradaci\u00f3n ambiental. Al mismo tiempo, las desigualdades socioecon\u00f3micas se encuentran entre las causas fundamentales de la crisis clim\u00e1tica: los segmentos m\u00e1s ricos de la poblaci\u00f3n contaminan mucho m\u00e1s que los m\u00e1s pobres, por ejemplo.<\/p>\n\n\n\n<p>Por lo tanto, la transici\u00f3n ecol\u00f3gica debe abordar simult\u00e1neamente las cuestiones medioambientales, econ\u00f3micas y sociales. En SOLIDAR definimos una \"transici\u00f3n ecol\u00f3gica socialmente justa\" como el hecho de situar a las personas y la justicia social en el centro de las pol\u00edticas clim\u00e1ticas y medioambientales. En el Monitor de Derechos Sociales pretendemos evaluar en qu\u00e9 medida las medidas nacionales para promulgar la transici\u00f3n ecol\u00f3gica fomentan tambi\u00e9n la justicia social, la igualdad y la inclusi\u00f3n.<\/p>\n\n\n\n<p>.<\/p>\n<\/div>\n\n\n\n<div class=\"wp-block-column is-layout-flow wp-block-column-is-layout-flow\">\n<p>La transici\u00f3n ecol\u00f3gica tiene varias dimensiones sociales. Sin embargo, para Social Rights Monitor, hemos decidido centrarnos en las siguientes cuatro \u00e1reas, ya que sus v\u00ednculos con los derechos sociales son claros:<\/p>\n\n\n\n<ul class=\"wp-block-list\">\n<li>Calidad de los empleos en la transici\u00f3n verde<\/li>\n\n\n\n<li>Acceso a la energ\u00eda y pobreza energ\u00e9tica<\/li>\n\n\n\n<li>Acceso a la movilidad sostenible y pobreza en el transporte<\/li>\n<\/ul>\n\n\n\n<p>Por calidad del empleo entendemos lo que la OIT denomina \"empleos decentes que contribuyen a preservar o restaurar el medio ambiente\". <\/p>\n<\/div>\n<\/div>","protected":false},"excerpt":{"rendered":"<p>Just Transition People in vulnerable situations \u2013 due to factors such as socio-economic status, geography, age and gender \u2013 are relatively more exposed to the impacts of climate change and environmental degradation. At the same time, socio-economic inequalities are among the root causes of the climate crisis: richer segments of the population pollute far more &hellip;<\/p>","protected":false},"author":2,"featured_media":0,"parent":0,"menu_order":0,"comment_status":"closed","ping_status":"closed","template":"","meta":{"_acf_changed":false,"footnotes":""},"class_list":["post-431","page","type-page","status-publish","hentry"],"acf":[],"_links":{"self":[{"href":"https:\/\/srm.solidar.org\/es\/wp-json\/wp\/v2\/pages\/431","targetHints":{"allow":["GET"]}}],"collection":[{"href":"https:\/\/srm.solidar.org\/es\/wp-json\/wp\/v2\/pages"}],"about":[{"href":"https:\/\/srm.solidar.org\/es\/wp-json\/wp\/v2\/types\/page"}],"author":[{"embeddable":true,"href":"https:\/\/srm.solidar.org\/es\/wp-json\/wp\/v2\/users\/2"}],"replies":[{"embeddable":true,"href":"https:\/\/srm.solidar.org\/es\/wp-json\/wp\/v2\/comments?post=431"}],"version-history":[{"count":0,"href":"https:\/\/srm.solidar.org\/es\/wp-json\/wp\/v2\/pages\/431\/revisions"}],"wp:attachment":[{"href":"https:\/\/srm.solidar.org\/es\/wp-json\/wp\/v2\/media?parent=431"}],"curies":[{"name":"wp","href":"https:\/\/api.w.org\/{rel}","templated":true}]}}

Transición justa

<h2 class="wp-block-heading">Transición justa</h2>



<div class="wp-block-columns is-layout-flex wp-container-core-columns-is-layout-9d6595d7 wp-block-columns-is-layout-flex">
<div class="wp-block-column is-layout-flow wp-block-column-is-layout-flow">
<p>Las personas en situaciones vulnerables (debido a factores como el estatus socioeconómico, la geografía, la edad y el género) están relativamente más expuestas a los impactos del cambio climático y la degradación ambiental. Al mismo tiempo, las desigualdades socioeconómicas se encuentran entre las causas fundamentales de la crisis climática: los segmentos más ricos de la población contaminan mucho más que los más pobres, por ejemplo.</p>



<p>Por lo tanto, la transición ecológica debe abordar simultáneamente las cuestiones medioambientales, económicas y sociales. En SOLIDAR definimos una "transición ecológica socialmente justa" como el hecho de situar a las personas y la justicia social en el centro de las políticas climáticas y medioambientales. En el Monitor de Derechos Sociales pretendemos evaluar en qué medida las medidas nacionales para promulgar la transición ecológica fomentan también la justicia social, la igualdad y la inclusión.</p>



<p>.</p>
</div>



<div class="wp-block-column is-layout-flow wp-block-column-is-layout-flow">
<p>La transición ecológica tiene varias dimensiones sociales. Sin embargo, para Social Rights Monitor, hemos decidido centrarnos en las siguientes cuatro áreas, ya que sus vínculos con los derechos sociales son claros:</p>



<ul class="wp-block-list">
<li>Calidad de los empleos en la transición verde</li>



<li>Acceso a la energía y pobreza energética</li>



<li>Acceso a la movilidad sostenible y pobreza en el transporte</li>
</ul>



<p>Por calidad del empleo entendemos lo que la OIT denomina "empleos decentes que contribuyen a preservar o restaurar el medio ambiente". </p>
</div>
</div>
