{"id":419,"date":"2023-02-13T16:57:35","date_gmt":"2023-02-13T16:57:35","guid":{"rendered":"https:\/\/srm.solidar.org\/?page_id=419"},"modified":"2025-10-14T13:03:26","modified_gmt":"2025-10-14T13:03:26","slug":"srm","status":"publish","type":"page","link":"https:\/\/srm.solidar.org\/hr\/srm\/","title":{"rendered":"SRM"},"content":{"rendered":"<div class=\"wp-block-pb-accordion-item c-accordion__item js-accordion-item no-js is-open\" data-initially-open=\"true\" data-click-to-close=\"true\" data-auto-close=\"true\" data-scroll=\"false\" data-scroll-offset=\"0\"><h2 id=\"at-4190\" class=\"c-accordion__title js-accordion-controller\" role=\"button\">\u0160to je Social Rights Monitor (SRM)?<\/h2><div id=\"ac-4190\" class=\"c-accordion__content\">\n<div class=\"wp-block-columns is-layout-flex wp-container-core-columns-is-layout-9d6595d7 wp-block-columns-is-layout-flex\">\n<div class=\"wp-block-column is-layout-flow wp-block-column-is-layout-flow\">\n<p>Social Rights Monitor ocjenjuje provedbu Europskog stupa socijalnih prava (EPSR) na nacionalnoj razini iz perspektive civilnog dru\u0161tva. EPSR \u2013 poznat i kao socijalni stup \u2013 skup je od 20 na\u010dela koja usmjeravaju djelovanje Europske unije u podru\u010dju socijalnih pitanja i politika. Drugim rije\u010dima, zami\u0161ljeno je da bude kompas koji vodi EU prema dru\u0161tvenijoj Europi. Za previ\u0161e ljudi, me\u0111utim, provedba ovih na\u010dela na nacionalnoj razini i razini EU-a jo\u0161 nije stvarnost.<\/p>\n\n\n\n<p>Zahvaljuju\u0107i doprinosu na\u0161ih \u010dlanova i njihovih mre\u017ea na terenu (nacionalne strate\u0161ke skupine), SOLIDAR prati u kojoj se mjeri po\u0161tuju, podr\u017eavaju i promi\u010du socijalna prava za sve ljude koji \u017eive u EU. Social Rights Monitor tako\u0111er istra\u017euje zdravlje gra\u0111anskog prostora te dru\u0161tvenog i civilnog dijaloga u EU, kao i opseg u kojem se te\u017ei pravednoj tranziciji. Stoga su tematska podru\u010dja koja Monitor pokriva: Jednake mogu\u0107nosti i pristup tr\u017ei\u0161tu rada; Po\u0161teni radni uvjeti; Socijalna uklju\u010denost i za\u0161tita; pravedna tranzicija; i Gra\u0111anski prostor. Prva tri odgovaraju trima poglavljima EPSR-a, dok su zadnja dva dodana kako bi se dobila potpunija slika socijalne pravde u Europi.<\/p>\n\n\n\n<p>Zahvaljuju\u0107i podacima iz prve ruke koje su prikupile nacionalne organizacije civilnog dru\u0161tva, Social Rights Monitor predstavlja izravan kanal politi\u010dkih preporuka izme\u0111u nacionalne razine i kreatora politika EU-a. Time poja\u010dava glasove i potrebe najmarginaliziranijih skupina. Monitor posve\u0107uje dio \u201cporukama zagovaranja\u201d koje proizlaze iz analiza na nacionalnoj razini u svakom tematskom podru\u010dju i upu\u0107ene su kreatorima politika EU-a.<\/p>\n<\/div>\n\n\n\n<div class=\"wp-block-column is-layout-flow wp-block-column-is-layout-flow\">\n<p>Dr\u017eavama se dodjeljuje rezultat za svako tematsko podru\u010dje od maksimalno 100 bodova. To odmah \u010dini vidljivim kakav je u\u010dinak svake zemlje u svakom podru\u010dju i omogu\u0107uje usporedbu s drugim zemljama. Broj\u010dani rezultati potje\u010du iz procjena Nacionalnih strate\u0161kih skupina (NSG) o nacionalnom razvoju u vezi sa socijalnim pravima, gra\u0111anskim prostorom i pravednom tranzicijom. Negativni razvoj doga\u0111aja u nekom podru\u010dju rezultira ni\u017eim ocjenama. NSG-ovi ocjenjuju ove razvoje za svaku zemlju odgovaraju\u0107i na pitanja Linkertove ljestvice. To zna\u010di da se ocjena tematskog podru\u010dja zemlje dobiva zbrajanjem svih ocjena danih pitanjima koja se ti\u010du tog tematskog podru\u010dja i izra\u017eavanjem ocjene od 100. Ukupna ocjena zemlje je prosjek ocjena tematskih podru\u010dja. Daljnje pojedinosti o upitniku i prikupljanju podataka nalaze se u odjeljku &quot;O: \u0160to je proces?&quot; <\/p>\n\n\n\n<p>Since the SRM score reflects the NSG\u2019s assessment of changes\u2014either improvements or deteriorations\u2014in each of the five areas over the past 12 months, it does not represent the overall status of these dimensions in absolute terms. Instead, it highlights recent trends. For example, a country with a historically strong welfare state might receive a low score if recent reforms have significantly weakened social rights or pose a risk of doing so. This does not imply that the overall situation is poor, but rather that recent developments are cause for concern and may undermine social standards over time.<br>Therefore, the SRM should not be used to compare the overall situation of social rights across countries\u2014official statistics are more appropriate for that purpose. Instead, it serves as a tool to track short-term national trends and to understand the perspectives of civil society organizations (CSOs) on these developments.<\/p>\n<\/div>\n<\/div>\n<\/div><\/div>\n\n\n\n<div class=\"wp-block-pb-accordion-item c-accordion__item js-accordion-item no-js\" data-initially-open=\"false\" data-click-to-close=\"true\" data-auto-close=\"true\" data-scroll=\"false\" data-scroll-offset=\"0\"><h2 id=\"at-4191\" class=\"c-accordion__title js-accordion-controller\" role=\"button\">\u0160to je proces?<\/h2><div id=\"ac-4191\" class=\"c-accordion__content\">\n<div class=\"wp-block-columns is-layout-flex wp-container-core-columns-is-layout-9d6595d7 wp-block-columns-is-layout-flex\">\n<div class=\"wp-block-column is-layout-flow wp-block-column-is-layout-flow\">\n<p>Social Rights Monitor je alat koji poja\u010dava glas progresivnog civilnog dru\u0161tva na nacionalnoj razini. Njegov se sadr\u017eaj temelji na inputima Nacionalnih strate\u0161kih skupina (NSG) koje su uspostavili \u010dlanovi i partneri SOLIDAR-a, a koje su aktivne u analiziranim zemljama. Sastoje se od nevladinih organizacija, udruga, pokreta, sindikata, akademske zajednice i thinktankova, osiguravaju\u0107i da se perspektiva civilnog dru\u0161tva odra\u017eava u analizama Social Rights Monitora. Monitor odra\u017eava iskustva ovih organizacija, koje su aktivne na terenu, a iskustva su nadopunjena znanstvenim podacima prikupljenim putem istra\u017eivanja.<\/p>\n\n\n\n<p><\/p>\n<\/div>\n\n\n\n<div class=\"wp-block-column is-layout-flow wp-block-column-is-layout-flow\">\n<p>Podatke razra\u0111ene u Monitoru socijalnih prava prikuplja SOLIDAR-ovo tajni\u0161tvo putem upitnika koji se distribuira voditeljima Nacionalnih strate\u0161kih skupina (na\u0161im nacionalnim \u010dlanovima) i upotpunjuje informacijama koje je izradila svaka skupina. Od 2023. ovaj se upitnik provodi online.<\/p>\n\n\n\n<p>Na temelju slike koja proizlazi iz Monitora, SOLIDAR i NSGs zajedno osmi\u0161ljavaju politi\u010dke preporuke za kreatore politika EU-a. Njihov cilj je da socijalna prava, zdrav planet i poticajan, slobodan, za\u0161ti\u0107en gra\u0111anski prostor postanu stvarnost za sve u Europi. Klju\u010dne preporuke proiza\u0161le iz analize koriste se kao osnova za SOLIDAR-ov rad na zagovaranju dru\u0161tvenih pitanja.<\/p>\n\n\n\n<p>SRM se objavljuje svake godine, krajem studenog\/po\u010detkom prosinca, a njegovi nalazi pokrivaju razdoblje od lipnja prethodne godine do svibnja godine u kojoj je objavljen. Ovaj vremenski okvir nastao je zbog \u010dinjenice da NSG-ovi predaju svoje upitnike do kraja svibnja u godini objave. <\/p>\n<\/div>\n<\/div>\n<\/div><\/div>\n\n\n\n<div class=\"wp-block-pb-accordion-item c-accordion__item js-accordion-item no-js\" data-initially-open=\"false\" data-click-to-close=\"true\" data-auto-close=\"true\" data-scroll=\"false\" data-scroll-offset=\"0\"><h2 id=\"at-4192\" class=\"c-accordion__title js-accordion-controller\" role=\"button\">Kako ga koristimo?<\/h2><div id=\"ac-4192\" class=\"c-accordion__content\">\n<div class=\"wp-block-columns is-layout-flex wp-container-core-columns-is-layout-9d6595d7 wp-block-columns-is-layout-flex\">\n<div class=\"wp-block-column is-layout-flow wp-block-column-is-layout-flow\">\n<p>Glavna uloga SOLIDAR-a kao mre\u017ee civilnog dru\u0161tva na europskoj razini je most izme\u0111u institucija EU i njihovih politika s jedne strane i na\u0161ih naprednih \u010dlanova koji rade na nacionalnoj razini s druge strane. Social Rights Monitor vrijedan je alat za prikupljanje informacija s terena i njihovo privla\u010denje pozornosti kreatora politike. Time se osigurava da se glasovi najzanemarenijih dru\u0161tvenih skupina propisno uzmu u obzir. Na primjer, SRM nadopunjuje Europski semestar pru\u017eaju\u0107i potpuniju procjenu politika dr\u017eava \u010dlanica. Na\u017ealost, Semestar je jo\u0161 uvijek previ\u0161e usredoto\u010den na ekonomske i financijske rezultate zemalja i ne pru\u017ea dovoljno smjernica o uzlaznoj dru\u0161tvenoj konvergenciji u Europskoj uniji.<\/p>\n\n\n\n<p><\/p>\n<\/div>\n\n\n\n<div class=\"wp-block-column is-layout-flow wp-block-column-is-layout-flow\">\n<p>SOLIDAR \u0161iri nalaze Monitoringa socijalnih prava na razli\u010dite na\u010dine, uklju\u010duju\u0107i i putem Konferencije socijalne Europe, godi\u0161njeg doga\u0111aja na kojem se predstavlja, a koji tako\u0111er istra\u017euje temu od prioriteta za socijalnu Europu. Op\u0107enitije, Monitor je jedan od glavnih na\u010dina na koji mre\u017ea SOLIDAR iznosi svoje stavove o dru\u0161tvenim pitanjima, pa su njegovi nalazi ugra\u0111eni u na\u0161 zagovara\u010dki rad.<\/p>\n<\/div>\n<\/div>\n<\/div><\/div>","protected":false},"excerpt":{"rendered":"","protected":false},"author":2,"featured_media":0,"parent":0,"menu_order":0,"comment_status":"closed","ping_status":"closed","template":"","meta":{"_acf_changed":false,"footnotes":""},"class_list":["post-419","page","type-page","status-publish","hentry"],"acf":[],"_links":{"self":[{"href":"https:\/\/srm.solidar.org\/hr\/wp-json\/wp\/v2\/pages\/419","targetHints":{"allow":["GET"]}}],"collection":[{"href":"https:\/\/srm.solidar.org\/hr\/wp-json\/wp\/v2\/pages"}],"about":[{"href":"https:\/\/srm.solidar.org\/hr\/wp-json\/wp\/v2\/types\/page"}],"author":[{"embeddable":true,"href":"https:\/\/srm.solidar.org\/hr\/wp-json\/wp\/v2\/users\/2"}],"replies":[{"embeddable":true,"href":"https:\/\/srm.solidar.org\/hr\/wp-json\/wp\/v2\/comments?post=419"}],"version-history":[{"count":0,"href":"https:\/\/srm.solidar.org\/hr\/wp-json\/wp\/v2\/pages\/419\/revisions"}],"wp:attachment":[{"href":"https:\/\/srm.solidar.org\/hr\/wp-json\/wp\/v2\/media?parent=419"}],"curies":[{"name":"wp","href":"https:\/\/api.w.org\/{rel}","templated":true}]}}

<div class="wp-block-pb-accordion-item c-accordion__item js-accordion-item no-js is-open" data-initially-open="true" data-click-to-close="true" data-auto-close="true" data-scroll="false" data-scroll-offset="0"><h2 id="at-4190" class="c-accordion__title js-accordion-controller" role="button">Što je Social Rights Monitor (SRM)?</h2><div id="ac-4190" class="c-accordion__content">
<div class="wp-block-columns is-layout-flex wp-container-core-columns-is-layout-9d6595d7 wp-block-columns-is-layout-flex">
<div class="wp-block-column is-layout-flow wp-block-column-is-layout-flow">
<p>Social Rights Monitor ocjenjuje provedbu Europskog stupa socijalnih prava (EPSR) na nacionalnoj razini iz perspektive civilnog društva. EPSR – poznat i kao socijalni stup – skup je od 20 načela koja usmjeravaju djelovanje Europske unije u području socijalnih pitanja i politika. Drugim riječima, zamišljeno je da bude kompas koji vodi EU prema društvenijoj Europi. Za previše ljudi, međutim, provedba ovih načela na nacionalnoj razini i razini EU-a još nije stvarnost.</p>



<p>Zahvaljujući doprinosu naših članova i njihovih mreža na terenu (nacionalne strateške skupine), SOLIDAR prati u kojoj se mjeri poštuju, podržavaju i promiču socijalna prava za sve ljude koji žive u EU. Social Rights Monitor također istražuje zdravlje građanskog prostora te društvenog i civilnog dijaloga u EU, kao i opseg u kojem se teži pravednoj tranziciji. Stoga su tematska područja koja Monitor pokriva: Jednake mogućnosti i pristup tržištu rada; Pošteni radni uvjeti; Socijalna uključenost i zaštita; pravedna tranzicija; i Građanski prostor. Prva tri odgovaraju trima poglavljima EPSR-a, dok su zadnja dva dodana kako bi se dobila potpunija slika socijalne pravde u Europi.</p>



<p>Zahvaljujući podacima iz prve ruke koje su prikupile nacionalne organizacije civilnog društva, Social Rights Monitor predstavlja izravan kanal političkih preporuka između nacionalne razine i kreatora politika EU-a. Time pojačava glasove i potrebe najmarginaliziranijih skupina. Monitor posvećuje dio “porukama zagovaranja” koje proizlaze iz analiza na nacionalnoj razini u svakom tematskom području i upućene su kreatorima politika EU-a.</p>
</div>



<div class="wp-block-column is-layout-flow wp-block-column-is-layout-flow">
<p>Državama se dodjeljuje rezultat za svako tematsko područje od maksimalno 100 bodova. To odmah čini vidljivim kakav je učinak svake zemlje u svakom području i omogućuje usporedbu s drugim zemljama. Brojčani rezultati potječu iz procjena Nacionalnih strateških skupina (NSG) o nacionalnom razvoju u vezi sa socijalnim pravima, građanskim prostorom i pravednom tranzicijom. Negativni razvoj događaja u nekom području rezultira nižim ocjenama. NSG-ovi ocjenjuju ove razvoje za svaku zemlju odgovarajući na pitanja Linkertove ljestvice. To znači da se ocjena tematskog područja zemlje dobiva zbrajanjem svih ocjena danih pitanjima koja se tiču tog tematskog područja i izražavanjem ocjene od 100. Ukupna ocjena zemlje je prosjek ocjena tematskih područja. Daljnje pojedinosti o upitniku i prikupljanju podataka nalaze se u odjeljku &quot;O: Što je proces?&quot; </p>



<p>Since the SRM score reflects the NSG’s assessment of changes—either improvements or deteriorations—in each of the five areas over the past 12 months, it does not represent the overall status of these dimensions in absolute terms. Instead, it highlights recent trends. For example, a country with a historically strong welfare state might receive a low score if recent reforms have significantly weakened social rights or pose a risk of doing so. This does not imply that the overall situation is poor, but rather that recent developments are cause for concern and may undermine social standards over time.<br>Therefore, the SRM should not be used to compare the overall situation of social rights across countries—official statistics are more appropriate for that purpose. Instead, it serves as a tool to track short-term national trends and to understand the perspectives of civil society organizations (CSOs) on these developments.</p>
</div>
</div>
</div></div>



<div class="wp-block-pb-accordion-item c-accordion__item js-accordion-item no-js" data-initially-open="false" data-click-to-close="true" data-auto-close="true" data-scroll="false" data-scroll-offset="0"><h2 id="at-4191" class="c-accordion__title js-accordion-controller" role="button">Što je proces?</h2><div id="ac-4191" class="c-accordion__content">
<div class="wp-block-columns is-layout-flex wp-container-core-columns-is-layout-9d6595d7 wp-block-columns-is-layout-flex">
<div class="wp-block-column is-layout-flow wp-block-column-is-layout-flow">
<p>Social Rights Monitor je alat koji pojačava glas progresivnog civilnog društva na nacionalnoj razini. Njegov se sadržaj temelji na inputima Nacionalnih strateških skupina (NSG) koje su uspostavili članovi i partneri SOLIDAR-a, a koje su aktivne u analiziranim zemljama. Sastoje se od nevladinih organizacija, udruga, pokreta, sindikata, akademske zajednice i thinktankova, osiguravajući da se perspektiva civilnog društva odražava u analizama Social Rights Monitora. Monitor odražava iskustva ovih organizacija, koje su aktivne na terenu, a iskustva su nadopunjena znanstvenim podacima prikupljenim putem istraživanja.</p>



<p></p>
</div>



<div class="wp-block-column is-layout-flow wp-block-column-is-layout-flow">
<p>Podatke razrađene u Monitoru socijalnih prava prikuplja SOLIDAR-ovo tajništvo putem upitnika koji se distribuira voditeljima Nacionalnih strateških skupina (našim nacionalnim članovima) i upotpunjuje informacijama koje je izradila svaka skupina. Od 2023. ovaj se upitnik provodi online.</p>



<p>Na temelju slike koja proizlazi iz Monitora, SOLIDAR i NSGs zajedno osmišljavaju političke preporuke za kreatore politika EU-a. Njihov cilj je da socijalna prava, zdrav planet i poticajan, slobodan, zaštićen građanski prostor postanu stvarnost za sve u Europi. Ključne preporuke proizašle iz analize koriste se kao osnova za SOLIDAR-ov rad na zagovaranju društvenih pitanja.</p>



<p>SRM se objavljuje svake godine, krajem studenog/početkom prosinca, a njegovi nalazi pokrivaju razdoblje od lipnja prethodne godine do svibnja godine u kojoj je objavljen. Ovaj vremenski okvir nastao je zbog činjenice da NSG-ovi predaju svoje upitnike do kraja svibnja u godini objave. </p>
</div>
</div>
</div></div>



<div class="wp-block-pb-accordion-item c-accordion__item js-accordion-item no-js" data-initially-open="false" data-click-to-close="true" data-auto-close="true" data-scroll="false" data-scroll-offset="0"><h2 id="at-4192" class="c-accordion__title js-accordion-controller" role="button">Kako ga koristimo?</h2><div id="ac-4192" class="c-accordion__content">
<div class="wp-block-columns is-layout-flex wp-container-core-columns-is-layout-9d6595d7 wp-block-columns-is-layout-flex">
<div class="wp-block-column is-layout-flow wp-block-column-is-layout-flow">
<p>Glavna uloga SOLIDAR-a kao mreže civilnog društva na europskoj razini je most između institucija EU i njihovih politika s jedne strane i naših naprednih članova koji rade na nacionalnoj razini s druge strane. Social Rights Monitor vrijedan je alat za prikupljanje informacija s terena i njihovo privlačenje pozornosti kreatora politike. Time se osigurava da se glasovi najzanemarenijih društvenih skupina propisno uzmu u obzir. Na primjer, SRM nadopunjuje Europski semestar pružajući potpuniju procjenu politika država članica. Nažalost, Semestar je još uvijek previše usredotočen na ekonomske i financijske rezultate zemalja i ne pruža dovoljno smjernica o uzlaznoj društvenoj konvergenciji u Europskoj uniji.</p>



<p></p>
</div>



<div class="wp-block-column is-layout-flow wp-block-column-is-layout-flow">
<p>SOLIDAR širi nalaze Monitoringa socijalnih prava na različite načine, uključujući i putem Konferencije socijalne Europe, godišnjeg događaja na kojem se predstavlja, a koji također istražuje temu od prioriteta za socijalnu Europu. Općenitije, Monitor je jedan od glavnih načina na koji mreža SOLIDAR iznosi svoje stavove o društvenim pitanjima, pa su njegovi nalazi ugrađeni u naš zagovarački rad.</p>
</div>
</div>
</div></div>
